{"id":162,"date":"2021-10-25T15:43:17","date_gmt":"2021-10-25T13:43:17","guid":{"rendered":"http:\/\/kairos.fabiolagana.it\/?page_id=162"},"modified":"2021-11-06T15:11:27","modified_gmt":"2021-11-06T14:11:27","slug":"osteopathy","status":"publish","type":"page","link":"https:\/\/www.osteopatiakairos.it\/index.php\/osteopathy\/","title":{"rendered":"Osteopatia"},"content":{"rendered":"<p><\/p>\n<h1>Cos\u2019\u00e8 l\u2019Osteopatia<\/h1>\n<p class=\"font12\">L\u2019osteopatia \u00e8 una medicina manuale nata negli Stati Uniti nel 1874 ad opera del Dott. Andrew Taylor Still. \u00c8 un sistema di diagnosi e trattamento esclusivamente manuale che pur basandosi sulle scienze fondamentali e le conoscenze mediche tradizionali (anatomia, fisiologia, ecc..) non prevede l\u2019uso di farmaci n\u00e9 il ricorso alla chirurgia, ma attraverso manipolazioni e manovre specifiche si dimostra efficace per la prevenzione, valutazione e trattamento di disturbi. Il fine dell\u2019Osteopatia \u00e8 quello di ridare movimento, armonia e fisiologia, per creare le migliori condizioni affinch\u00e9 il corpo ritrovi il suo fisiologico stato di salute.<br \/>\nL\u2019Osteopatia non orienta il proprio intervento alla cura di una patologia specifica, ma si propone di giungere alla causa delle alterazioni del movimento e della fisiologia, mirando ad eliminare le restrizioni che impediscono una naturale e fisiologica espressione dello stato di salute, per ristabilire un corretto movimento e fisiologia affinch\u00e9 il corpo possa esprimere tutto il suo potenziale di autoguarigione.<\/p>\n<p class=\"font12\">Come Ippocrate, Still svilupp\u00f2 un sistema centrato sulla persona piuttosto che sulla malattia. La filosofia osteopatica si basa sull\u2019integrit\u00e0 dell\u2019individuo come insieme unitario, e i suoi principi danno luogo ai precetti che possono essere cos\u00ec enunciati:<\/p>\n<ol class=\"font12\">\n<li><em>Unit\u00e0 del corpo<\/em><br \/>\nIl corpo \u00e8 un\u2019unit\u00e0; la persona \u00e8 un\u2019unit\u00e0 di corpo, mente e spirito. Tutte le parti del corpo sono integrate a livello anatomico come a livello funzionale. L\u2019essere umano \u00e8 un\u2019unit\u00e0 dinamica di funzioni interconnesse, a livello muscoloscheletrico, degli organi interni, del sistema nervoso, della psiche, ecc\u2026 Un danno o uno squilibrio in un\u2019area alterano struttura e funzione di tutto l\u2019organismo richiedendo un adattamento globale e locale di tutti i sistemi corporei, i quali risponderanno in maniera integrata assicurando il benessere della persona, la sua capacit\u00e0 di adattarsi e creare le condizioni ottimali per una sana e piena espressione vitale.<\/li>\n<p><\/p>\n<li><em>Il corpo possiede meccanismi di auto-guarigione ed auto-regolazione<\/em><br \/>\nIl corpo possiede innati meccanismi di autoguarigione ed autoregolazione che controllano ogni funzione e mantengono uno stato di equilibrio dinamico in tutte le differenti situazioni della vita. In condizioni ottimali, il corpo, la mente e lo spirito lavorano al massimo grado per conservare la salute e per guarire. Il ruolo dell\u2019osteopata \u00e8 quello di rimuovere le disfunzioni che ostacolano i normali processi di guarigione, riducendo il lavoro supplementare che il corpo deve eseguire per mantenere il proprio equilibrio. L\u2019osteopatia mira a ristabilire l\u2019armonia in tutte le strutture corporee, l\u2019espressione delle potenzialit\u00e0 innate dell\u2019organismo, promuovendo e sostenendo una buona \u201comeostasi\u201d.<\/li>\n<p><\/p>\n<li><em> La struttura e la funzione sono in relazione reciproca<\/em><br \/>\nUna corretta struttura permette e garantisce una sana espressione delle funzioni, laddove una funzione compromessa pu\u00f2 modificare la struttura. Quindi funzione e struttura sono intimamente interdipendenti e se il loro equilibrio \u00e8 alterato si manifester\u00e0 una \u201cdisfunzione osteopatica\u201d che creer\u00e0 i presupposti per un adattamento dell\u2019organismo, che con la sua intelligenza cercher\u00e0 di creare i compensi necessari per garantire la migliore funzione possibile. L\u2019osteopata attraverso il suo intervento sulla struttura potr\u00e0 migliorare la funzionalit\u00e0 locale e globale dell\u2019individuo, sostenendo l\u2019organismo nel suoi processi di autoregolazione e autoguarigione.<\/li>\n<p><\/p>\n<li><em>Una terapia razionale poggia sulla comprensione dei principi base dell\u2019unit\u00e0 del corpo, dell\u2019autoregolazione e dell\u2019interrelazione di struttura e funzione<\/em><br \/>\nLa valutazione della persona da parte dell\u2019osteopata presuppone l\u2019applicazione dei principi a fondamento teorico, ed il trattamento si fonda sui medesimi mirando a ottimizzare la funzione dell\u2019organismo per ristabilirne lo stato di salute. Il Dott. Still non si stancava mai di ripetere che la malattia \u00e8 un effetto, e non una causa, della disfunzione. L\u2019osteopata capisce che il sistema neuro-muscolo-scheletrico, grazie alla relazione tra struttura e funzione, pu\u00f2 influire negativamente o positivamente sulla guarigione e sui meccanismi di mantenimento della salute. Con le sue conoscenze anatomo-fisiologiche, una fine palpazione ed un ragionamento osteopatico, metter\u00e0 in pratica i precetti filosofici per la massima espressione di salute.<\/li>\n<\/ol>\n<p><\/p>","protected":false},"excerpt":{"rendered":"<p>Cos\u2019\u00e8 l\u2019Osteopatia L\u2019osteopatia \u00e8 una medicina manuale nata negli Stati Uniti nel 1874 ad opera del Dott. Andrew Taylor Still. \u00c8 un sistema di diagnosi e trattamento esclusivamente manuale che pur basandosi sulle scienze fondamentali e le conoscenze mediche tradizionali (anatomia, fisiologia, ecc..) non prevede l\u2019uso di farmaci n\u00e9 il ricorso alla chirurgia, ma attraverso&#8230; <\/p>\n","protected":false},"author":1,"featured_media":0,"parent":0,"menu_order":0,"comment_status":"closed","ping_status":"closed","template":"full-width.php","meta":[],"_links":{"self":[{"href":"https:\/\/www.osteopatiakairos.it\/index.php\/wp-json\/wp\/v2\/pages\/162"}],"collection":[{"href":"https:\/\/www.osteopatiakairos.it\/index.php\/wp-json\/wp\/v2\/pages"}],"about":[{"href":"https:\/\/www.osteopatiakairos.it\/index.php\/wp-json\/wp\/v2\/types\/page"}],"author":[{"embeddable":true,"href":"https:\/\/www.osteopatiakairos.it\/index.php\/wp-json\/wp\/v2\/users\/1"}],"replies":[{"embeddable":true,"href":"https:\/\/www.osteopatiakairos.it\/index.php\/wp-json\/wp\/v2\/comments?post=162"}],"version-history":[{"count":17,"href":"https:\/\/www.osteopatiakairos.it\/index.php\/wp-json\/wp\/v2\/pages\/162\/revisions"}],"predecessor-version":[{"id":375,"href":"https:\/\/www.osteopatiakairos.it\/index.php\/wp-json\/wp\/v2\/pages\/162\/revisions\/375"}],"wp:attachment":[{"href":"https:\/\/www.osteopatiakairos.it\/index.php\/wp-json\/wp\/v2\/media?parent=162"}],"curies":[{"name":"wp","href":"https:\/\/api.w.org\/{rel}","templated":true}]}}